
2, 3
Let g(l) = 2*l**3 + 31*l**2 + 12*l + 16. What are the prime factors of g(-14)?
2, 109
Suppose 18*z - 18323 = 4951. List the prime factors of z.
3, 431
Let h(j) = -j**2 - 16*j - 17. Let v be h(-18). Let u = v + 8. What are the prime factors of ((-64)/6)/(6/u)?
2, 5
Let o(p) = 4*p**2 - 2. Let c be o(-5). Let r = c + -59. What are the prime factors of r?
3, 13
Suppose 0 = 5*z - 28 + 8. Suppose 0 = 5*i - z*l - 82, -32 = -2*i - 0*l + 2*l. What are the prime factors of i?
2, 3
Let x(q) = 7*q**2 - 6*q + 10. What are the prime factors of x(9)?
523
Let n(z) be the first derivative of -3 + 1/3*z**3 + 5/2*z**2 - z. What are the prime factors of n(-7)?
13
Suppose -7*n - 12 = -5*n + 4*r, -3*r = -5*n + 22. Suppose -n*a = 3*u - 5*a - 579, 2*u = -3*a + 381. List the prime factors of u.
2, 3
Suppose -45 = -3*c + 2*c. Let z = c + -24. Let i = -2 + z. What are the prime factors of i?
19
Let t(u) = u**2 + 10*u - 9. Let k be ((-16)/3)/(5/90*6). List the prime factors of t(k).
3, 29
Let w(k) = -9 - 3*k**2 + 5*k**2 - k**2. Suppose -3*b + l + 10 - 2 = 0, -20 = -5*l. What are the prime factors of w(b)?
7
Suppose 0*j = -4*j + 624. Suppose -b = 2*b - j. What are the prime factors of b?
2, 13
Suppose -c = -4, -c + 272 = 2*l + 4*c. Suppose x - 3*x = -l. What are the prime factors of x?
3, 7
Suppose 4*v - 6*v = -6, 0 = -2*s + 2*v + 42. Suppose -4*i + 10 = -2*u, 3*i - 4*u = 8 + 2. Let o = s - i. List the prime factors of o.
2, 11
Suppose 12*b - 17*b = 0. Suppose b + 7 = -u. List the prime factors of 2/u + 107/7.
3, 5
Let l(u) = -376*u + 2. Let b be l(-1). Let z = -120 + b. List the prime factors of z.
2, 3, 43
Suppose 5*y = -2*u - 171, u + 5*y + 8 = -85. Let b = u - -176. List the prime factors of b.
2, 7
Let i(w) = 19*w**3 - w**2 - w - 1. Let m be i(2). Let g = -69 + m. What are the prime factors of (-2)/(g/40 + -2)?
2, 5
Let s = -3700 + 5356. List the prime factors of s.
2, 3, 23
Let d be (-4 + 3)/(3/(-6)). Suppose 5*b - 4 + 47 = -d*l, -4*b = -4*l - 128. Let t = l + 56. List the prime factors of t.
3
Let u be (27/12 - 2) + (-1083)/12. Let s = 234 + u. List the prime factors of s.
2, 3
Suppose 0 = 3*k - 7*k - 24. Let z = k - -11. Suppose -3*o = -z*f + 37 + 18, -44 = -4*f + 3*o. What are the prime factors of f?
11
Suppose 29*i + 1453 = 4*d + 24*i, 3*d + i - 1085 = 0. What are the prime factors of d?
2, 181
Suppose w + 2135 = 6*w + 5*h, -4*w + 5*h + 1726 = 0. Suppose -5*t = 79 - w. What are the prime factors of t?
2, 5, 7
Suppose 0*y - y + 173 = 0. Suppose -3354 = 37*i + 383. Let g = i + y. List the prime factors of g.
2, 3
Let a = -345 + 1170. What are the prime factors of a?
3, 5, 11
Let f = 777 + -470. What are the prime factors of f?
307
Let p be -29*(-4 + 5)*-1*2. Suppose 4*f - 4*y + 127 = -9, 5*f = 4*y - 167. Let n = f + p. What are the prime factors of n?
3
Let g(s) = s - s**2 + 5 + 9*s**2 + s - 2 + s**3. List the prime factors of g(-4).
59
Suppose -93126 = -2*d - 31*d. List the prime factors of d.
2, 17, 83
Suppose 4*t - 4116 = -3000. What are the prime factors of t?
3, 31
Suppose 3*n + 0 + 9 = 3*a, -2*a = -3*n - 5. Suppose -27 - 84 = -3*m + i, -146 = -a*m + 2*i. List the prime factors of m.
2, 19
Let r be (-9)/6*(-4)/(-3). Let u(a) = -4*a**3 - 3*a**2 - 7*a - 5. List the prime factors of u(r).
29
Let m = -33 + -135. Let y = -52 - m. What are the prime factors of y?
2, 29
Let l(d) = -762*d + 356. List the prime factors of l(-3).
2, 1321
Let g(c) = c**3 - 8*c**2 - c + 8. Let r be g(8). Suppose r = 2*w - 0*w + 48. What are the prime factors of ((-8)/w)/(2/42)?
7
Suppose 4*h - 3 = -w, 0 = -2*h + 2*w + w + 19. Suppose -2 = 2*p + h*k, 5*p + 3*k - 3 + 6 = 0. Suppose -3*a + 18 + 18 = p. What are the prime factors of a?
2, 3
Let h = 22 + -17. Suppose h*n = n + 328. List the prime factors of n.
2, 41
Let j = 88 - 60. Let h = 41 - j. Suppose 0 = -5*n, -b + 2*n - 6*n + h = 0. List the prime factors of b.
13
Let n(d) = -d**2 - 9*d - 2. Let k be n(-4). Suppose 0 = -4*u + 3*m + 15, 0*u = 5*u - 3*m - k. Suppose q = u*q - 26. What are the prime factors of q?
13
Suppose -2*n = 13 + 11. Let h be n/(-9)*(-102)/4. Let w = 53 + h. List the prime factors of w.
19
Suppose 2*m = -5*l - 4 - 14, -6 = 2*m - l. Let q be 6/m*(-330)/9. Suppose -9*o = -8*o - q. What are the prime factors of o?
5, 11
What are the prime factors of 18/4*74 - 0?
3, 37
Let p = -13 - -44. List the prime factors of p/5 + (1 - 3/15).
7
Let h(r) = -6*r - 9. Let p = -19 + 11. Let b be h(p). What are the prime factors of 4 - (3/(-3) - b)?
2, 11
Suppose -3*a = 2*a - 3*a. Suppose a = -6*b - 2*b + 192. What are the prime factors of b?
2, 3
Suppose -258 - 8 = -14*a. Let n(k) = -41*k. Let m be n(-1). Let o = m - a. List the prime factors of o.
2, 11
Suppose 4*x + 2*v = 19500, 0 = 7*v - 6*v. What are the prime factors of x?
3, 5, 13
Let v(b) = -971*b - 79. List the prime factors of v(-3).
2, 13, 109
Suppose 0 = 3*l - 0*l. Suppose l = -0*k + 3*k - 30. Let h(f) = 3*f - 13. What are the prime factors of h(k)?
17
Suppose 6 = a - 33. Suppose 2*p + a = -69. Let l = 118 + p. List the prime factors of l.
2
Suppose -p + 4 = p. What are the prime factors of 42 + 3*p/(-3)?
2, 5
Let v(x) = 3*x - 9. Let z be (-29)/3 + 6/(-18). Let u = 15 + z. What are the prime factors of v(u)?
2, 3
Suppose -9*r = -4*r - 55. Let b = r - -7. What are the prime factors of b?
2, 3
Let f(q) = 10*q - 26. What are the prime factors of f(12)?
2, 47
Suppose 0 = -26*n - 7*n + 21054. List the prime factors of n.
2, 11, 29
Suppose -11 = -m - 9. Suppose z + 2 = 2*z, g - 8 = m*z. Let n(o) = 2*o**2 - 19*o + 14. List the prime factors of n(g).
2, 37
Let w be (-489)/33 - (-12)/(-66). Let b be (6/5)/(6/w). What are the prime factors of 11*((-20)/(-5) + b)?
11
Suppose 0 = -5*c - 3*r + 15405, 15*c - 10*c = r + 15385. What are the prime factors of c?
2, 3, 19
Suppose 5*g = 3*d + 15, 3*d + 2*d = 5*g - 15. Suppose 8*n - 3*n = -w + 1015, 3*w + 591 = g*n. List the prime factors of n.
2, 101
Suppose -4*p + 140 = 5*z - p, 5*p - 99 = -4*z. Suppose 7 = g - z. What are the prime factors of g?
2, 19
Suppose 14*s - 9898 = 1834. What are the prime factors of s?
2, 419
Let w(s) = 4*s - 1 + 1. Let a be ((-8)/(-14))/(10/70). What are the prime factors of w(a)?
2
Suppose -2*k - 5*g = -5*k + 27, 3*g = 3*k - 21. Let y(n) = n**3 - 5*n**2 + 5*n + 1. Let p be y(k). List the prime factors of (p + 1)*(-14)/(-21).
2
Let p = -65 - -60. List the prime factors of (-33)/(-27) - p - 2/9.
2, 3
Let v(c) = c - 2. Let j(w) = -w - 5. Let y be j(9). Let f be v(y). What are the prime factors of 65/7 + f/56?
3
Let d = 41 - -418. List the prime factors of d.
3, 17
Suppose 0 = -q - 8 - 4. Let f be ((-20)/q)/(1/3). Suppose 0 = -f*m + 4*m + 36. What are the prime factors of m?
2, 3
Let a(l) = -52*l + 4. Let q be a(-2). Suppose 5*u + 33 + q = 3*v, 4*u = -3*v + 141. What are the prime factors of v?
47
Let r be 19/4 + (-2)/(-8). Suppose 4*q - 47 = -5*w, 0 = -4*q + r*w - 7 + 24. Let m(i) = 2*i + 10. What are the prime factors of m(q)?
2, 13
Suppose -2*k - 10*w = -5*w - 5607, 4*k + w - 11223 = 0. What are the prime factors of k?
2, 23, 61
Suppose 2*z - 50 = -3*z. Suppose 4*i = -i - z. What are the prime factors of 1*(29 + (-2 - i))?
29
Let t be (0 + 0)*(-19)/(-19). List the prime factors of (1 + t)*108/12.
3
Suppose 222 = 9*a - 1452. List the prime factors of a.
2, 3, 31
Let j(u) = u**3 + 14*u**2 - 12*u + 19. Let w be j(-15). Let k = -6 - w. What are the prime factors of k?
2, 5
Suppose -8*b = -9*b + 150. What are the prime factors of 7*(b/35)/3?
2, 5
Suppose -13*a + 5 = -73. Let g(v) = 3*v**2 - 43. What are the prime factors of g(a)?
5, 13
Let w = 863 + -1478. List the prime factors of w/(-55) + 2/22*-2.
11
Let w be -3 + (-36)/(-10) - 96/10. Let h(s) = s**2 - 5*s + 14. List the prime factors of h(w).
2, 5, 7
What are the prime factors of 5226/7 + 92/(-161)?
2, 373
Let p = -2 + 6. Suppose -3*h - 35 = -p*b, 12 - 2 = b - h. Suppose -4*y + 75 = b*x, -2*y + 60 = 4*x - y. List the prime factors of x.
3, 5
Suppose -2*g = 7*g - 3402. What are the prime factors of g?
2, 3, 7
What are the prime factors of (-16)/(-2)*(-34335)/(-180)?
2, 7, 109
Let c be 2*4/4*4. List the prime factors of 324/8*c/6.
2, 3
Suppose 4*v - u - 27 = 0, -2*v - v - 3*u = -39. Let k = -2 + v. Suppose x = -k*x + 476. What are the prime factors of x?
2, 